 Determine w(1).
-11
Let b(a) = 3*a - 4*a**2 + 2*a**2 + 3 + 0. Let s(z) = z**3 - 8*z**2 - 3*z + 27. Let m be 352/66*(-6)/(-4). Let x be s(m). Determine b(x).
-6
Let d be 4 + 0 + -2 + -7. Let h(j) be the second derivative of j**3/3 + j**2 - 197*j. Calculate h(d).
-8
Let y be ((-12)/8 - -7)*2. Let r(d) = d - 19. Determine r(y).
-8
Let t(h) = h**3 - 4*h**2 + 2*h + 2. Suppose 0 = 2*x + 20 - 88. Suppose 4*i + 2 - x = 0. Let l(n) = n**3 - 9*n**2 + 8*n + 2. Let j be l(i). What is t(j)?
-2
Let r(z) = -54 - 55 - 53 + 232 - 46 + 3*z. What is r(-8)?
0
Suppose -2*l + 8*l = -0*l. Suppose l = -4*h + 5*h - 3*w + 6, -5*h + 4*w = 30. Let b(r) be the first derivative of r**2/2 + 12*r - 3. Give b(h).
6
Let o(l) = -39 - l**2 - 22 + 4*l + 63. What is o(6)?
-10
Let u be (-8)/6*60/(-16). Suppose u*d + 2*d = -35. Let x(z) be the first derivative of z**3/3 + 2*z**2 + 5*z - 4. Calculate x(d).
10
Let f(n) be the third derivative of -5*n**4/24 - 2*n**3/3 - 57*n**2. Determine f(-5).
21
Suppose -q - 5*s - 6 = 0, -4*q - 4*s + 2*s + 12 = 0. Let a(b) = -5*b + 8 + q*b - 3*b + 3*b. Let f be 0/(-3 - 1 - -6). What is a(f)?
8
Suppose 6*w = 17 - 5. Suppose -w*j - n = -7*j - 5, 0 = -4*j + n - 3. Let u(h) be the second derivative of -h**5/20 - h**4/6 - h**3/3 + h**2/2 - h. Give u(j).
5
Let k(p) = 7*p**3 + 4*p**2 + 11*p - 17. Let y(i) = -6*i**3 - 5*i**2 - 9*i + 16. Let l(d) = 5*k(d) + 6*y(d). What is l(-10)?
1
Let i(a) = -12*a - 2. Let k(n) = 12*n - 32. Let w be k(3). Give i(w).
-50
Suppose -2*t - 5*u - 24 = 0, t = -t + 5*u + 16. Let w(f) = 2*f**2 - 1 - 2*f**2 + 3*f**2 + f. Determine w(t).
9
Suppose -6*o - 40 = -10*o. Let c(i) = 0*i**2 + o*i - i**2 + 200 - 203. Calculate c(8).
13
Let y(j) = -3*j**2 + 6*j**3 - 117 + 127 - 22*j**3 + j + 15*j**3. Determine y(-3).
7
Let m(b) = -7*b**3 - b - 1. Suppose -2*k = -14 - 6. Let o = -11 + k. Calculate m(o).
7
Let q(g) = 16 - 6233*g + 6221*g + g**2 - 2. What is q(10)?
-6
Let p(g) = -g**3 + 7*g**2 - g + 4. Let h(i) = 3*i**2 - 8*i - 21. Let l be h(-2). Give p(l).
-3
Let w(x) = 10*x - 25. Let k(h) = h**2 - 9*h - 7. Let i be k(9). Let l(b) = 3*b - 8. Let q(g) = i*l(g) + 2*w(g). Give q(6).
0
Let t(c) = 4*c - 1. Suppose -4*k + 4*u = -5*k - 11, 2*k = -5*u - 10. Let q(r) = 5*r - 2. Let g(a) = k*q(a) - 6*t(a). Determine g(4).
0
Let x(v) = -6*v - 3. Let l = 10 + -10. Suppose -5*i + 80 = 80. Suppose -2*m + 4*a + 4 = l, i*m - 5*a = 4*m + 18. What is x(m)?
9
Let r(a) = -a**3 - 2*a**2 + 2*a - 1. Let b(c) = c**2 + 12*c + 8. Let k = -57 + 46. Let i be b(k). Calculate r(i).
2
Let b(k) be the second derivative of k**3/3 + 4*k**2 + 71*k. Give b(-6).
-4
Let m(z) = -z - 14. Suppose -5*v - 14 = c, 3*v = 4*v. Determine m(c).
0
Let a(v) be the second derivative of v**4/12 + 11*v**3/6 + 15*v**2/2 - 4*v. Let m be ((-225)/60*16/6)/1. Give a(m).
5
Let o(p) = p**2 + 14*p - 3. Let h be (36 + -1)*2/(-5). Calculate o(h).
-3
Let q(m) = 4*m**2 - 6*m + 5. Let d(g) = 9*g**2 - 11*g + 11. Let k(j) = 3*d(j) - 7*q(j). Let w(t) be the first derivative of k(t). Give w(7).
-5
Let b(x) = -x**3 - 4*x**2 - 2*x - 2. Suppose 5*y = 6 + 44. Let u = 13 - y. Suppose 4 = -u*q - 5. Calculate b(q).
-5
Let l(g) = g**2 - 4*g - 37. Let r be l(9). Let f be (7 - 0)*(-2 - -4). Let v = r - f. Let j(m) = -m - 4. Give j(v).
2
Let u be -4 + (-20)/(-15)*-3. Let p be (u/(-14))/((-16)/(-56)). Let h(w) = -2*w**p + 2*w - 3*w - 3*w. Calculate h(-3).
-6
Let d be (-2 - -5) + -3 - -3. Let o be (2 - (-4)/(-3))*d. Let g be (o + 1)*(4 - 6). Let m(c) = -c**3 - 5*c**2 + 7*c - 4. Calculate m(g).
-10
Let n be (-2)/(-6) + 6/(-18). Let z(u) = 4*u**2 + 7*u - 6. Let f(i) = 5*i**2 + 9*i - 6. Let w(r) = 3*f(r) - 4*z(r). Determine w(n).
6
Suppose -7*p = -5*p - 72. Suppose -p = -0*q - 6*q. Let z(s) = 2*s - 5. Calculate z(q).
7
Let t(r) = 6 + 3 + 2*r**2 + 5 - 16. Let g(f) = 4*f**2 - f - 5. Let h be (-2)/(2/5)*1. Let j(i) = h*t(i) + 2*g(i). Give j(-2).
-4
Suppose 172 = 66*y - 26. Let h(a) be the second derivative of 0 - 5*a + 1/6*a**y + a**2. What is h(-2)?
0
Let a(f) be the second derivative of f**4/12 + f**3 - f**2/2 + 3*f + 64. Let w = -4 - 2. Give a(w).
-1
Let b(u) = -18*u. Let v be b(-1). Suppose 6*s - v = 3*s. Let c(h) = 1 + 2*h - s*h + 6*h. Determine c(-3).
-5
Let n be (2/(-4))/(41/246). Let x(b) = 2*b**2 - 3*b - 1 + b + b**3 + 0*b**2. Determine x(n).
-4
Let a(n) = -n + 20. Let w(d) = 2*d - 57. Let c(v) = -17*a(v) - 6*w(v). Suppose 0*z - 9 = -3*z. What is c(z)?
17
Let v(q) = q**3 + 11*q**2 - 12*q. Let u(w) = 12*w + 12. Let a = 87 + -89. Let o be u(a). Determine v(o).
0
Let m be 26/10 + (-6)/(-15). Suppose 0 = -6*t + t + v - m, v - 3 = 0. Let s(u) = 23*u**2 + 2*u**3 - 3 - 12*u**2 + 7 - u**3 - 12*u**2. Calculate s(t).
4
Let p(t) be the second derivative of t**4/12 + 11*t**3/6 - 8*t**2 - t - 272. What is p(-13)?
10
Let d(t) = -13*t + 10. Let j(z) = 36*z - 28. Let m(y) = 11*d(y) + 4*j(y). What is m(4)?
2
Let s be 86/(-24) - -12*(-2)/(-6). Let c(r) be the second derivative of 0 + 4*r + 1/20*r**5 + r**2 + s*r**4 + 2/3*r**3. Calculate c(-3).
8
Let y(f) = f**3 - 9*f**2 + 2*f - 12. Let k(z) = 6*z + 87. Let b be k(-13). What is y(b)?
6
Let x be (0 - 2)/(34/(-85)). Let j(p) = -x - 8*p**2 + 3*p**2 + 4*p**2 - 7*p. Determine j(-5).
5
Let x(s) be the third derivative of s**6/120 - s**5/12 + s**4/6 - s**3 + 18*s**2. Suppose n = 7 - 3. Suppose -n*l = -7*l + 12. Determine x(l).
-6
Let a(h) = h**3 + 5*h**2 - h - 2. Let n(b) = -40*b + 1 + 39*b + 0. Let j be n(-1). Suppose j*z + 7*k = 4*k - 16, -3*z - 4*k = 23. Give a(z).
3
Let b(h) = 4*h**3 + 5*h**2 - 6*h + 12. Let f(a) = 5*a**3 + 6*a**2 - 7*a + 14. Let i(p) = 6*b(p) - 5*f(p). What is i(3)?
-28
Let t(i) be the third derivative of -i**8/20160 - i**7/5040 + i**6/240 - 5*i**5/12 - 19*i**2. Let f(y) be the third derivative of t(y). What is f(3)?
-9
Suppose 2*s - 11*s + 18 = 0. Let k be (-2 + (s - -2))*-2. Let j(z) = -z**2 - 2*z - 2. Determine j(k).
-10
Let p(y) = -y**3 - 32*y**2 + 64*y - 130. Let u be p(-34). Let n(v) = 6*v - 29. What is n(u)?
7
Let v(b) = 2*b**2 - 4*b - 2. Let c(z) = -6*z - 28. Let j(h) = 4*h + 19. Let t(w) = 5*c(w) + 8*j(w). Let a be t(-4). Calculate v(a).
14
Let x(s) = -5*s + 2. Let j be x(1). Let l(g) = -g**2. Let y(n) = -2*n**2 + 7*n + 3. Let k(w) = j*l(w) + y(w). Suppose -2*h = 7*h + 54. Determine k(h).
-3
Let h(z) = -6 + 5*z - 85*z + 79*z. What is h(5)?
-11
Let y(h) = -h**2 + 8*h - 4. Let f = -115 + 158. Suppose -4*p + 9 = -p, -4*c - 5*p = -f. Give y(c).
3
Let r(h) be the first derivative of -h**3/3 + 7*h**2/2 + 16*h - 91. What is r(8)?
8
Suppose -5 = f - 3*z + 3, 0 = -3*f - 4*z + 28. Let a(j) = 7*j - 6. Determine a(f).
22
Let y(r) = 7*r + 24. Let a(z) = -z - 4. Let k(i) = -6*a(i) - y(i). Let h = -2 - -1. Let w = h + 2. What is k(w)?
-1
Let a(z) = -z**3 + 13*z**2 + 14*z + 2. Let g be a(14). Let q = 1 - -1. Let t(c) = 1 - 2*c**g + c**q - 3*c + 2*c. What is t(-1)?
1
Suppose 4*q - 30 = -3*h, 0*h = -4*h + q + 59. Let j = 17 - h. Let x(n) = 5*n + 5. Let i(k) = -1. Let s(f) = j*i(f) + x(f). What is s(-2)?
-8
Suppose 0 = -14*f + 42*f - 168. Let v(r) be the first derivative of r**3/3 - 7*r**2/2 - r + 2. Calculate v(f).
-7
Let o = 32 + -36. Let v(f) be the third derivative of -7/24*f**4 - 1/60*f**5 - 5/6*f**3 + 6*f**2 + 0 + 0*f. Determine v(o).
7
Let b(w) = w**3 + 5*w**2 + 4*w - 2. Suppose -9*x - 6 = -6*x. Calculate b(x).
2
Let x(j) be the third derivative of j**6/120 - 4*j**3/3 - 26*j**2. Give x(0).
-8
Let x(b) = -7*b**2 + 3 + 568*b**3 - b - 2 - 4 + 0 - 567*b**3. Determine x(6).
-45
Let c(y) be the second derivative of -y**6/720 - y**5/60 - 7*y**4/12 - 3*y. Let f(n) be the third derivative of c(n). Suppose 5 = 5*i + 30. What is f(i)?
3
Let z(g) = 7*g**2 + 7*g + 5. Let f(j) = -j**3 - j**2 - j - 2. Let o(p) = -f(p) + z(p). What is o(-7)?
0
Suppose -4*l - 5*k + 24 = 0, -2*k - k = -5*l - 7. Let t be -2*6*l/(-4). Let i(u) = -4*u**2 - 4*u + 2 + 3*u**2 + 0. Determine i(t).
-19
Suppose -3*a + 11 = -d, -17*a + 20*a + d - 7 = 0. Let h(b) = -3*b**2 + 3*b + 1. Give h(a).
-17
Let q(t) = 9*t + 2*t**2 + 1 + 7*t - 20*t**3 - 14*t. What is q(-1)?
21
Let x(v) be the third derivative of 0 + 0*v**3 + 10*v**2 + 1/24*v**4 + 0*v. Calculate x(6).
6
Let s(q) = -q**2 - 7*q - 1. Suppose 0 = 10*c + 35 + 45. What is s(c)?
-9
Let m(c) = -1 - 141*c - 142*c + 284*c. Determine m(-12).
-13
Suppose -p + 3*o = -8, -5 =